= z - 2*z + 27. What is the highest common divisor of l and z?
27
Let h = -288 - -293. Suppose -2*y - 3*t = -72, -h*t - 62 = -11*y + 10*y. Let p = 2 + 4. Calculate the highest common factor of y and p.
6
Suppose 24*v = 27*v - 15. Suppose -1 - 14 = g + v*w, -21 = -5*g - w. Calculate the greatest common divisor of g and 20.
5
Let p = 13 + -13. Let i(l) = -112*l**3 + l**2 + l. Let d be i(-1). Suppose 0*b + 7*b - d = p. What is the highest common factor of 128 and b?
16
Let y(t) = -t + 12. Let p be y(-11). Let c = -22 + p. Let m = 180 - 179. What is the highest common divisor of c and m?
1
Let m(j) = 225*j - 222. Let t be m(1). What is the highest common factor of 1977 and t?
3
Let t = -13881 + 13897. Calculate the highest common divisor of 104 and t.
8
Let x(t) = 7*t**2 + 1. Let f(a) = -a**2. Let n(s) = 3*f(s) + x(s). Let g be n(-1). Suppose -g*z + 7*z - 484 = 0. What is the highest common factor of z and 22?
22
Let u = 41 + -44. Let j(y) = 5*y**2 - 4*y - 12. Let q be j(u). Calculate the highest common divisor of q and 10.
5
Let b be 13562/34 - (6 + -1 + (-783)/153). Calculate the highest common factor of 76 and b.
19
Let k = -579 + 1221. Calculate the highest common divisor of k and 2354.
214
Let t(n) = 37*n**2 + n**3 + 31*n**2 + 5 - 54*n**2 - 2*n**3. Let w be t(14). Suppose w*c - 2*c = 108. What is the greatest common factor of c and 60?
12
Let l(b) = b**2 + 137*b - 237. Let z be l(-148). What is the highest common factor of z and 78?
13
Suppose 17*o - 20*o = 18. Let x be -54*(2 - (-10)/o)*-1. Let z(q) = q**3 - 19*q**2 + 18*q + 8. Let y be z(x). What is the greatest common factor of 24 and y?
8
Let n be -10 + 1155/120 - 169209/(-24). What is the greatest common factor of 15 and n?
15
Suppose -5*p - 6352 = -z, 2*z - p - 5193 - 7511 = 0. Calculate the highest common factor of 32 and z.
16
Let i(k) = -k**2 - 11*k + 7. Let t be i(-10). Suppose -2*z - t = -z. Let x(d) = d + 26. Let r be x(z). Calculate the highest common factor of 36 and r.
9
Let y = -1101 + 1171. Calculate the greatest common divisor of y and 322.
14
Suppose 0 = -9*f + 12*f - 21. Let z = 43 + -39. Let y be 62/3 + z/12. What is the highest common factor of f and y?
7
Let r(v) = 5*v**2 - 32*v - 120. Let o be r(-3). Calculate the highest common factor of 141 and o.
3
Let n be (-446)/1338 - (11624/6)/(-4). What is the greatest common factor of 374 and n?
22
Let o(k) = k**2 - 2*k - 48. Let m be o(8). Suppose m = 26*n - 13*n - 6175. What is the greatest common divisor of n and 38?
19
Suppose 640 = 34*s - 618. Suppose 0 = 5*b - 3*f - 606, 5*f - 224 - s = -2*b. Calculate the highest common divisor of 41 and b.
41
Suppose 5280 = -47*k + 37*k. Let g be (-54)/(-4)*(k/18)/(-11). Calculate the greatest common divisor of g and 3.
3
Suppose -85 = 4*i - 77. Let k be (-120)/i + (-6 - -5) + -2. What is the greatest common factor of k and 114?
57
Let u = 39 - 20. Let k be (-1 - (-2 - 2))*(27 - 26). Let f be u - 0*k/(-3). What is the greatest common factor of 152 and f?
19
Let r(w) = -319*w**3 + 4*w**2 + 13*w + 10. Let q be r(-1). What is the greatest common divisor of 30 and q?
10
Let o(l) = 122*l + 6. Let m be o(2). Suppose t = 0, 7*b = 2*b + 5*t + m. Let p be ((-2)/5)/(((-126)/14)/2250). Calculate the highest common divisor of b and p.
50
Let d be (10/6)/(6/18) - -593. Suppose 0 = 3*b + 4*m - 326, -4*b + d - 153 = -5*m. Let g be (2/5)/(3/75). What is the highest common divisor of b and g?
10
Let b(s) = s**3 + 10*s**2 + 12*s + 87. Let q be b(-9). Calculate the highest common factor of 1485 and q.
15
Suppose -2*p - 2 = -2*l - 34, 0 = p - 4*l - 13. Let v(s) = 3*s**2 - 28*s + 78. Let c be v(p). Calculate the greatest common factor of c and 7.
7
Suppose -1081*a + 1152 = -1077*a. What is the greatest common factor of 126 and a?
18
Suppose -389*u + 6966 = -131*u. Calculate the highest common factor of 11691 and u.
27
Let f = -43 - -52. Suppose 2*u - 2*o = -2, 3*o + 0 = 5*u + f. Let h be -41*(-8 + -1 - 2) + u. Calculate the highest common divisor of 56 and h.
56
Let l be (12 - 1386/27)*(-16 + 1). Calculate the highest common factor of 430 and l.
10
Suppose 4*n - g + 29 = 0, -3*n = -2*g - 16 + 44. Let w(u) = u**2 + 18*u + 112. Let q be w(n). Calculate the greatest common divisor of q and 80.
40
Suppose -26*v = -24*v - 8. Suppose -4*p - 6*x + 701 = -x, -v*p + x + 671 = 0. What is the greatest common factor of 13 and p?
13
Suppose -748*h + 1512 = -730*h. What is the greatest common divisor of h and 6566?
14
Suppose 163*b = -1571*b - 30017 + 96352 + 65449. Let o(j) = -6*j**3 - j**2 + 8*j + 4. Let z be o(-6). Calculate the highest common factor of z and b.
76
Let z(l) = 9*l**2 - 6*l - 40. Let d be z(-8). Suppose 4*n = 8*n - d. What is the greatest common divisor of n and 219?
73
Let p = 217 + -222. Let w(z) = -z**2 - 9*z + 4. Let n be w(p). What is the greatest common divisor of n and 40?
8
Let p = 2484 + -2289. Suppose 3*r + 3 = 0, 3*x - 1 = -5*r + 111. What is the highest common divisor of p and x?
39
Suppose -106*w = -122*w + 800. What is the highest common divisor of w and 3350?
50
Suppose -2*w - 267 = 4*i - 661, -2*i + 187 = -w. Calculate the greatest common divisor of i and 304.
16
Let b be (-20)/(-50) - (-1101)/(-15). Suppose 6*z + 370 = z. Let k = b - z. Calculate the greatest common divisor of 7 and k.
1
Let h be (32/(-5))/(2/(-10)). Let m(a) = a**3 + 6*a**2 + 8*a + 107. Let w = -367 - -360. Let d be m(w). Calculate the greatest common divisor of h and d.
2
Let u(w) = 5*w**3 + w**2 - 80*w + 277. Let n be u(10). What is the highest common divisor of 69 and n?
23
Suppose -4*z + 0*z - 5*b + 1168 = 0, -4*b - 1501 = -5*z. Suppose 198*n = 202*n - 108. Calculate the highest common factor of n and z.
27
Suppose 1201 = 3*b - 3*u + 442, -1225 = -5*b - 3*u. What is the greatest common factor of 592 and b?
8
Let u(z) = -7*z**3 + 5*z**2 + 91*z + 423. Let c be u(-5). What is the greatest common factor of c and 605?
121
Let q be (-10)/(2/(-10)*2). Let z = -79823 + 79828. Calculate the highest common divisor of q and z.
5
Suppose -1348 = -6*u - 214. Let z = 207 - u. What is the greatest common factor of z and 117?
9
Let l = 7255 + -7113. What is the highest common divisor of 2627 and l?
71
Suppose -9*g - 4*t = -12*g + 212, -4*g + t = -287. Let p = 25 - -2. What is the greatest common divisor of p and g?
9
Let n be (-1272)/(-24) + (12 - -5). Let i(k) = k**3 + 6*k**2 - 8*k - 8. Let q be i(-6). Calculate the greatest common divisor of n and q.
10
Let y(c) = -c**3 - 6*c**2 - 23*c - 26. Let u(q) = q**2 + 25*q + 20. Let d be u(-24). Let w be y(d). What is the greatest common factor of 68 and w?
34
Suppose -2*l = 2*l - 108. Suppose 43*c = 41*c + 6. Let t be (22 - 16/4)*c. Calculate the highest common factor of t and l.
27
Suppose 173*p - 4*t = 178*p - 1122, 3*p - 669 = -3*t. Calculate the highest common factor of 3634 and p.
46
Let w(v) = -7 + 9*v + 4 - 21*v + 17. Let u be w(-5). Calculate the greatest common factor of 37 and u.
37
Let x(u) = -u**3 + 74*u**2 + 37*u - 502. Let d be x(74). Calculate the highest common factor of d and 43.
43
Let j = 56 - 51. Suppose -9*x - 8 = -5*x - 4*c, 2*c - 25 = j*x. Let b be (60/(-35))/((-1)/(x/(-1))). What is the highest common factor of b and 8?
4
Suppose -38 = -2*r + 10. Let w be 14/6 - 136/102. Suppose 11 + w = 4*p. Calculate the highest common divisor of r and p.
3
Let w(g) = 366*g**2 - 65*g + 65. Let l be w(1). Calculate the greatest common divisor of l and 24.
6
Suppose 314500 + 298000 = 100*i. Calculate the highest common factor of i and 35.
35
Let b be 1/((-1)/(-2) + (-38)/72). Let h(x) = -x**2 - 39*x + 109. Let n be h(b). What is the greatest common divisor of 14 and n?
7
Suppose 32 - 52 = -5*j. Suppose 4*t + 3*u = -5, -j*t + u - 18 = -25. What is the greatest common divisor of 16 and t?
1
Suppose -61*l + 298209 + 34814 + 185294 = 0. Calculate the highest common divisor of l and 1172.
293
Suppose 1196*w = 1195*w - m + 420, 2*w + 3*m - 841 = 0. Calculate the greatest common divisor of w and 1.
1
Suppose -2*u = 5*r - 2087, -5265 = 87*u - 92*u - 3*r. What is the highest common divisor of 11352 and u?
264
Suppose 2*d - 5*a - 1697 = 0, -543*a + 546*a - 821 = -d. Let t be (46 - 0 - 1) + -1. What is the highest common factor of t and d?
44
Suppose 5*c - 8 + 33 = 0, n - 3*c = -218. 